e greatest common divisor of 1071 and 3516471.
63
What is the greatest common divisor of 3376 and 808?
8
Calculate the highest common divisor of 13006 and 3099292.
14
What is the highest common factor of 1169 and 86016?
7
Calculate the highest common factor of 1605942149 and 133.
133
Calculate the highest common factor of 53245 and 10373515.
2315
Calculate the highest common factor of 45696 and 114597.
357
Calculate the highest common factor of 2432734 and 1224.
34
Calculate the greatest common factor of 201659590 and 110.
110
Calculate the greatest common factor of 749 and 3776351.
107
Calculate the greatest common divisor of 23206960 and 22330.
2030
What is the greatest common divisor of 75 and 22347200?
25
Calculate the greatest common divisor of 20976 and 453549.
57
What is the greatest common factor of 1998 and 543796326?
666
Calculate the greatest common divisor of 21 and 17189263.
7
What is the highest common divisor of 2363 and 4235?
1
What is the highest common factor of 116350225 and 25?
25
Calculate the greatest common divisor of 43813916 and 6064.
1516
Calculate the highest common divisor of 70 and 4542384.
14
What is the highest common factor of 29098575 and 1980?
495
Calculate the greatest common divisor of 10972416 and 15700.
628
Calculate the greatest common divisor of 351421 and 324703.
61
What is the highest common divisor of 1467 and 183758213?
163
What is the greatest common divisor of 3407810 and 105?
35
What is the highest common factor of 41913212 and 605?
11
Calculate the greatest common factor of 63800 and 86380096.
2552
What is the greatest common divisor of 306 and 1083?
3
Calculate the greatest common factor of 16816386 and 3664.
458
What is the greatest common factor of 119708 and 332?
4
What is the greatest common factor of 13884 and 61568?
52
What is the highest common divisor of 461319 and 382047?
1101
What is the highest common divisor of 188 and 38129408?
188
Calculate the highest common divisor of 200 and 94809325.
25
Calculate the greatest common divisor of 1942272 and 112.
16
What is the greatest common divisor of 66 and 42746528?
22
What is the highest common divisor of 54118350 and 1300?
650
Calculate the greatest common factor of 268481525 and 13.
13
What is the highest common factor of 19233 and 396654981?
6411
What is the greatest common factor of 1017971992 and 13168?
6584
Calculate the greatest common divisor of 264368 and 1990222.
1066
What is the highest common divisor of 39675 and 19573?
529
What is the highest common factor of 7 and 243085640?
7
What is the greatest common divisor of 774886 and 518?
14
Calculate the greatest common factor of 892006713 and 4622.
2311
Calculate the greatest common factor of 2 and 1790074.
2
What is the highest common divisor of 1548487 and 6697?
37
Calculate the greatest common factor of 53973 and 6354.
9
Calculate the highest common factor of 199258734 and 459.
51
Calculate the greatest common divisor of 24512147 and 2907.
323
Calculate the greatest common divisor of 15471 and 28841.
191
What is the highest common divisor of 12963749 and 697?
41
Calculate the greatest common divisor of 6702289 and 4528.
283
Calculate the greatest common factor of 5302352 and 1496.
88
Calculate the highest common divisor of 644128266 and 102.
102
What is the highest common divisor of 13113 and 17312967?
423
Calculate the greatest common factor of 451 and 41063.
11
Calculate the greatest common divisor of 319965 and 109145.
415
What is the highest common factor of 7136781 and 33?
3
What is the highest common factor of 615 and 102090369?
123
What is the greatest common divisor of 72 and 10083978?
18
What is the greatest common factor of 55 and 25780645?
55
Calculate the highest common divisor of 4319865 and 660.
165
What is the highest common divisor of 8118 and 285319?
41
Calculate the highest common divisor of 113825 and 2523.
29
Calculate the greatest common factor of 597805277 and 97.
97
Calculate the greatest common factor of 306 and 83286774.
306
Calculate the highest common factor of 1199 and 75053803.
1199
What is the highest common divisor of 34432 and 754752?
64
Calculate the greatest common divisor of 100657195 and 215.
215
Calculate the highest common divisor of 260 and 20424480.
20
Calculate the highest common divisor of 39634 and 5356848.
2086
What is the greatest common factor of 826829 and 252875?
289
What is the greatest common divisor of 686693164 and 3244?
3244
What is the greatest common factor of 1446 and 76358922?
1446
Calculate the highest common factor of 1640 and 245303.
41
Calculate the highest common divisor of 306836005 and 6068.
1517
Calculate the highest common factor of 319100958 and 27594.
3942
Calculate the highest common factor of 37966 and 5842134.
926
What is the highest common divisor of 1210 and 360943?
121
Calculate the greatest common factor of 50400 and 92826720.
10080
Calculate the highest common factor of 22982265 and 135.
135
What is the greatest common factor of 1502517172 and 52?
52
What is the highest common factor of 57852224 and 160?
32
Calculate the highest common factor of 111423423 and 1479.
1479
What is the highest common divisor of 13098 and 6161388?
222
What is the highest common divisor of 32 and 1325544?
8
Calculate the greatest common divisor of 1234 and 65680267.
617
What is the greatest common factor of 3 and 49627889?
1
Calculate the highest common divisor of 28082164 and 6171.
2057
Calculate the highest common divisor of 1727 and 41159591.
1727
Calculate the greatest common factor of 1395 and 5719159.
31
What is the greatest common divisor of 238 and 4874142?
14
Calculate the highest common divisor of 15041740 and 385.
35
Calculate the greatest common factor of 33856 and 512.
64
Calculate the greatest common divisor of 16608 and 2698791696.
8304
What is the greatest common divisor of 40150048 and 1504?
32
What is the highest common divisor of 5511 and 1169661988?
1837
What is the greatest common divisor of 25 and 15306105?
5
What is the greatest common factor of 11150 and 16370430?
2230
What is the greatest common divisor of 10252 and 454652?
44
Calculate the highest common divisor of 2036505 and 4795.
685
Calculate the highest common divisor of 392190 and 24055.
85
Calculate the greatest common factor of 6962022 and 177024.
2766
What is the highest common factor of 40015 and 2043785?
755
What is the greatest common divisor of 228 and 554176173?
57
What is the highest common factor of 47915 and 630665?
1295
Calculate the greatest common divisor of 510026 and 970.
194
Calculate the greatest common factor of 1207614 and 410.
82
Calculate the greatest common divisor of 17982 and 1006178.
74
What is the greatest common divisor of 4136 and 146163138?
1034
Calculate the highest common divisor of 193530 and 1338.
6
What is the highest common divisor of 30576 and 116979954?
3822
Calculate the highest common factor of 7458 and 30563562.
678
Calculate the greatest common factor of 19725853 and 5546.
47
What is the greatest common factor of 119439178 and 34?
34
What is the greatest common factor of 8 and 76675864?
8
What is the highest common factor of 5780240 and 64?
16
Calculate the highest common factor of 1034325 and 507.
3
What is the greatest common factor of 2065 and 22962800?
2065
Calculate the greatest common factor of 24 and 3123210.
6
Calculate the highest common factor of 94367 and 1649501.
427
What is the highest common divisor of 77 and 232939?
7
Calculate the highest common divisor of 101093 and 48977.
43
Calculate the greatest common divisor of 9803351 and 2507.
109
What is the greatest common divisor of 4176241 and 53?
53
Calculate the highest common factor of 456 and 16978704.
456
Calculate the greatest common divisor of 732331503 and 27.
27
What is the greatest common divisor of 39983317 and 15169?
2167
Calculate the highest common divisor of 16188 and 221217.
57
What is the greatest common factor of 2882165 and 4420?
65
Calculate the highest common divisor of 17 and 1157309.
17
What is the highest common divisor of 196885 and 599950?
845
Calculate the highest common divisor of 458 and 178830.
2
Calculate the greatest common divisor of 3610 and 495456255.
1805
Calculate the highest common factor of 3246038 and